3))/((-1)/47). Suppose 9*b - 1400 = -d*b. What are the prime factors of b?
5
Suppose 6*a - 7*a - 20 = 0. Let m be -2 + a/(-1 - 4). Suppose 4*z - 108 = l - 3*l, 0 = -m*l - 3*z + 110. List the prime factors of l.
2, 29
Suppose 0*g + 12 = -4*g, z - 3*g = 195. Let s = -47 + z. Suppose s = 5*i - 4*i - 5*j, 611 = 5*i + 3*j. List the prime factors of i.
2, 31
Let m(x) = -10*x - 24 + 8*x + 9*x. What are the prime factors of m(11)?
53
Let f = 869 - 837. Suppose f*s = 33*s - 495. What are the prime factors of s?
3, 5, 11
Let x be (-3)/12*2 - 110/20. List the prime factors of ((-70)/x)/((-6)/(-36)).
2, 5, 7
Let v = 19030 + -17651. What are the prime factors of v?
7, 197
Let d = -17478 + 32073. What are the prime factors of d?
3, 5, 7, 139
Let t = 1269 + 2826. List the prime factors of t.
3, 5, 7, 13
Let n(i) be the third derivative of -133*i**4/24 - 19*i**3/3 - 3*i**2 + 7. List the prime factors of n(-3).
19
Let j = 2743 + 5162. What are the prime factors of j?
3, 5, 17, 31
Suppose 0 = -2*p - p - 279. Let v = 139 + p. Suppose -o + 11 = 2*c - 8, 2*o + v = 3*c. List the prime factors of c.
2, 3
Let q(v) = -6*v - 2*v + 2*v + v + 14. Let d be q(-10). Let m = d + -54. What are the prime factors of m?
2, 5
Let m be 3 + (-3)/((-18)/1488). Suppose -3*g + m + 679 = 0. List the prime factors of g.
2, 5, 31
Let y = -34 + 28. List the prime factors of 3/((-81)/y) + (-2534)/(-18).
3, 47
Suppose 3*h - 2 + 17 = 0. Let b be (2*4/(-8) - h)*31. Suppose 3*i - 4*a - b = 0, a = 2 - 0. List the prime factors of i.
2, 11
Let h be 3*2/(-8) - 4132324/(-112). Suppose -18*o + h = 7123. List the prime factors of o.
2, 827
Suppose 44*t - 4961 = 3*t. Let p = 1326 - t. What are the prime factors of p?
5, 241
Suppose -3*b = -2*g - 14, 4*b - 15 + 1 = -2*g. What are the prime factors of b/(-6 - -5) + 496?
2, 3, 41
Suppose -3*l + 15 - 6 = 0. Suppose -12 = -l*z + 9*z. Let o(g) = -12*g**3 + 2*g**2 + 3*g + 3. List the prime factors of o(z).
101
Let j = -171 - -99. Let t be (j/54)/((-4)/6). Suppose -302 = -3*o - t*k + 401, 4*o = -4*k + 940. List the prime factors of o.
233
Let y = -4456 + 11438. List the prime factors of y.
2, 3491
Let g = -2751 + 4203. List the prime factors of g.
2, 3, 11
Suppose 2*r + 8514 + 1522 = 2*c, -20064 = -4*c - 4*r. List the prime factors of c.
29, 173
Let w(g) be the third derivative of 11*g**5/12 + 3*g**4/8 + 3*g**3 + g**2 - g. What are the prime factors of w(-2)?
2, 5, 11
Let s(i) = -220*i**3 - 14*i**2 + 23*i + 231. List the prime factors of s(-6).
3, 41, 383
Let q = 50 - -360. Suppose -3*d + 5*d = 4*a + q, -2*a + 197 = d. List the prime factors of d.
3, 67
Let b(n) = -7*n**3 - 18*n**2 + 12*n + 18. List the prime factors of b(-4).
2, 5, 13
Let a(g) = -g**3 + 2 - 3 - 13*g**2 + 7*g + 16 - 18*g. Let y be a(-12). Suppose 312 = 5*t - t - 4*o, -y*t + o + 226 = 0. List the prime factors of t.
2, 37
Let i be 676 + 0 + 9 + -11. Let n = i + -173. What are the prime factors of n?
3, 167
Let i = -8964 + 22558. What are the prime factors of i?
2, 7, 971
Let p = 124 + -120. Suppose d - 3*v + 2 = 0, 2*d - p*v = -2*d - 16. What are the prime factors of 2363*d/(-55) + 4/22?
5, 43
Suppose 0 = 2*r - 5*s - 60 + 2, -3*r + 87 = 3*s. Suppose -r*z = -30*z. List the prime factors of z/2 - (4 + (-122)/1).
2, 59
Let b(z) = 3*z**2 + 2*z - 470. What are the prime factors of b(-14)?
2, 3, 5
What are the prime factors of ((-10588)/(-14))/(62/217)?
2647
Let j = 22 + -18. Suppose -7 = -j*c + 3*m, 10 = 3*c - 2*c + 2*m. What are the prime factors of -1 + c + (-200)/(-8 + 6)?
103
Suppose k = -2*i + 3493, 0 = 2*k - 21*i + 22*i - 6965. List the prime factors of k.
7, 71
Suppose -6*o + 8*o = -4*r + 38238, 2*o - r - 38283 = 0. What are the prime factors of o?
3, 6379
Let h(v) = 3*v**3 - 6*v - 2. Let f be h(-2). Let z be 20/(-35) + (-8)/f. Suppose y + 4*u - 37 = z, -74 = -2*y + u + 3*u. What are the prime factors of y?
37
Let l = 4703 + -199. What are the prime factors of l?
2, 563
Let z(h) = -58*h**2 - 1577*h - 9. What are the prime factors of z(-9)?
2, 3, 17, 31
Let h(n) = 2*n**2 - 2*n + 2. Let f be h(1). Suppose -66 = w + k, f*w = 5*k - 109 - 51. Let v = -43 - w. What are the prime factors of v?
3
Let v = 76 + -67. List the prime factors of v*588/18*(-4)/(-3).
2, 7
Let n(o) = 2*o - 4. Let v be n(4). Suppose w + 2*t - 631 = 6*t, w + v*t = 591. What are the prime factors of w?
13, 47
Let p = -17804 + 26573. List the prime factors of p.
3, 37, 79
Let s = -6973 - -20287. List the prime factors of s.
2, 3, 7, 317
Let r = 11 + 33. Suppose 3*j + 2*a = 3 + 53, -4*j + 5*a + r = 0. List the prime factors of (-8)/(-14)*1064/j.
2, 19
Suppose -19*f - 4540 = -3*i - 17*f, -4*i + 6050 = -f. Let w = i + -783. What are the prime factors of w?
3
Suppose 1811*u = -4*m + 1816*u + 85067, u = 2*m - 42541. What are the prime factors of m?
3, 7, 1013
Suppose 5*i + 5*o - 75 = -20, -2*o = -5*i + 34. Suppose 0 = -4*k - 4 - i. List the prime factors of (6/2)/k - -25.
2, 3
Suppose 23*h - 16*h - 2079 = 0. Suppose 0 = -3*u - h + 885. What are the prime factors of u?
2, 7
Let h(u) = u**2 - 3*u + 1. Let y be h(1). Let w(q) = 31*q**2 - q. Let i be w(y). What are the prime factors of ((513/12)/(-3))/((-6)/i)?
2, 19
Let u(v) = -3*v**3 - 3*v**2 - v + 5. Let l be -8*((-9)/3)/(-6). Let k be u(l). Suppose 3*h - 6*h = -k. List the prime factors of h.
3, 17
Let t = 5552 - 3677. List the prime factors of t.
3, 5
Suppose 74191 = 66*p - 157207 - 243934. What are the prime factors of p?
2, 13, 277
Let j be (-2)/(-4)*(-5 - -15). Suppose 6*o - 5*o + 1071 = 2*q, 2*q - j*o - 1059 = 0. List the prime factors of q.
3, 179
Let m(u) = 13*u**2 - 11*u**2 - 4*u**2 - u**3 - 13 + 15*u + 15*u**2. What are the prime factors of m(11)?
2, 197
Suppose 2*z - 198 = -10. Let v = 19 + z. Let l = 286 - v. List the prime factors of l.
173
Let j be (-8)/(-14) - (-9)/21. Let d be (j - 0)/((-2)/6). Let v(s) = s**2 - 4*s - 1. What are the prime factors of v(d)?
2, 5
Let f be 0*(-1)/1 - (5 + -2). Let s be ((-30)/(-9))/((-1)/f). Let a(u) = u + 18. What are the prime factors of a(s)?
2, 7
Let p(f) = 315*f - 1994. What are the prime factors of p(71)?
13, 1567
Suppose -12*c + 3*c = 2*y - 92131, -2*y + 2*c + 92054 = 0. What are the prime factors of y?
2, 23017
Let r(n) = -95*n + 92*n - 5 + 0*n**2 + n**2. Let f be r(5). Suppose -b + f*b - 111 = t, -4*b + 5*t + 91 = 0. List the prime factors of b.
29
Let n be (-8)/(-2) + -5 + -7. Let m = -4 - n. Suppose m*t - v = 417, 5*t - 280 = v + 242. List the prime factors of t.
3, 5, 7
Suppose 21*m - 16*m + 2*y = 41340, m - 4*y = 8268. What are the prime factors of m?
2, 3, 13, 53
What are the prime factors of (-3*(-37688)/(-96))/(4/(-48))?
3, 7, 673
Suppose 84 = -8*r - 28. Let b be 9/6 - 21/r. Suppose -7*h + 92 = -b*h. List the prime factors of h.
23
Let b be (18/(-12))/(1/(-2)). Suppose 2*j - b = 1. Suppose -204 = -3*q - 3*s, j*q - 139 = -3*s - 4. List the prime factors of q.
3, 23
Suppose -34*a = -13*a - 168. What are the prime factors of (172/a*-2)/((-2)/22)?
11, 43
Let s(l) = 3*l**3 + 243*l**2 - 97*l + 177. What are the prime factors of s(-81)?
2, 3, 13, 103
Let d(i) = i**2 - 424*i + 14490. What are the prime factors of d(0)?
2, 3, 5, 7, 23
Let a be 371 - 40/(10 + -2). Let c = a - 146. List the prime factors of c.
2, 5, 11
Let p = 142 + -84. Suppose 0 = 5*c - 4*m - 120, 0 = 4*c + 5*m - p + 3. Let r(u) = -4*u + 88. What are the prime factors of r(c)?
2
Let z = 239 + -136. Let p = z + -73. Let g = p - 25. What are the prime factors of g?
5
List the prime factors of ((-5)/(-1) + 247/(-38))*15280/(-4).
2, 3, 5, 191
Suppose -87 + 4081 + 221 = m. List the prime factors of m.
3, 5, 281
Suppose -j + 3*w = -1134, 0 = 2*j - 4*j - 2*w + 2236. Suppose 1934 + j = 8*p. What are the prime factors of p?
2, 191
Let q(w) = -w**3 + 5*w**2 - 2*w + 10. Let d be q(4). Suppose u - d = -5*u. List the prime factors of u.
3
Suppose 5*x = 24*x - 286327 - 348444. List the prime factors of x.
33409
Suppose 2*c + 6 = 4*q, -8*c = -5*c - 4*q + 3. Let u(p) = -p**c + 9*p**2 + 0*p**3 - 7*p + 6 + 3*p. List the prime factors of u(8).
2, 19
Let p(l) = 2041*l**2 - 150*l + 451. List the prime factors of p(3).
2, 5, 11, 167
Let u = -11 + 20. List the prime factors of (19 - 0)/(u/99).
11, 19
Suppose -3*b + 10994 - 820 = -4*l, -4*l - 3402 = -b. Suppose -13*z = -2*q - 16*z +